{"id":279,"date":"2023-08-20T22:33:00","date_gmt":"2023-08-20T20:33:00","guid":{"rendered":"https:\/\/www.lachapelle.eu\/index.php\/chambres\/"},"modified":"2023-11-30T20:20:34","modified_gmt":"2023-11-30T19:20:34","slug":"chambres","status":"publish","type":"page","link":"https:\/\/www.lachapelle.eu\/boutique\/","title":{"rendered":"Chambres"},"content":{"rendered":"<div class=\"mphb_sc_rooms-wrapper mphb-room-types \">\n<div class=\"mphb-room-type post-320 mphb_room_type type-mphb_room_type status-publish has-post-thumbnail latest_post mphb-room-type-adults-2 mphb-room-type-children-0 \">\n\n\t\n\t\n\n\t<p class=\"post-thumbnail mphb-loop-room-thumbnail\">\n\t<a href=\"https:\/\/www.lachapelle.eu\/boutique\/accommodation\/location-dun-studio-meuble\/\">\n\t<img loading=\"lazy\" decoding=\"async\" width=\"250\" height=\"366\" src=\"https:\/\/www.lachapelle.eu\/boutique\/wp-content\/uploads\/2022\/09\/studio_1-1.png\" class=\"attachment-post-thumbnail size-post-thumbnail wp-post-image\" alt=\"\" srcset=\"https:\/\/www.lachapelle.eu\/boutique\/wp-content\/uploads\/2022\/09\/studio_1-1.png 250w, https:\/\/www.lachapelle.eu\/boutique\/wp-content\/uploads\/2022\/09\/studio_1-1-205x300.png 205w, https:\/\/www.lachapelle.eu\/boutique\/wp-content\/uploads\/2022\/09\/studio_1-1-41x60.png 41w\" sizes=\"auto, (max-width: 250px) 100vw, 250px\" \/>\t<\/a>\n\n\t<\/p>\n\n<h2 class=\"mphb-room-type-title entry-title\">\n\n<a class=\"mphb-room-type-title\" href=\"https:\/\/www.lachapelle.eu\/boutique\/accommodation\/location-dun-studio-meuble\/\">Studio \u00e0 louer \u00e0 La Chapelle ! \u2600\ufe0f<\/a>\n\n<\/h2>\n\n<p>Studio calme &amp; tranquille au 1er \u00e9tage d\u2019une ancienne ferme. La pi\u00e8ce de vie contient un coin repos &amp; coin repas ; sa vue donne sur la Chapelle. La kitchenette &hellip; <\/p>\n\n\n<h3 class=\"mphb-room-type-details-title\">D\u00e9tails<\/h3><ul class=\"mphb-loop-room-type-attributes\">\n\n\n\t<li class=\"mphb-room-type-adults-capacity\"><span class=\"mphb-attribute-title mphb-adults-title\">Adultes :<\/span><span class=\"mphb-attribute-value\">\n\t2\n\t<\/span><\/li>\n\t\n\n\n\n\n\n\n\t<li class=\"mphb-room-type-size\"><span class=\"mphb-attribute-title mphb-size-title\">Taille :<\/span><span class=\"mphb-attribute-value\">\n\t25m\u00b2\n\t<\/span><\/li>\n\t\n\n\t<li class=\"mphb-room-type-bed-type\"><span  class=\"mphb-attribute-title mphb-bed-type-title\">Type de lit :<\/span><span class=\"mphb-attribute-value\">\n\t2 personnes, les dimensions standard de 160 x 190 cm.\n\t<\/span><\/li>\n\t\n\n<\/ul>\n\n\t<p class=\"mphb-regular-price\"><strong>Prix \u00e0 partir de:<\/strong>\n\t<span class=\"mphb-price\"><span class=\"mphb-currency\">&euro;<\/span>45<\/span> <span class=\"mphb-price-period\" title=\"Choisissez les dates pour voir les prix pertinents\">par nuit<\/span>\n\t<\/p>\n\t\n<p class=\"mphb-view-details-button-wrapper\">\n<a class=\"button mphb-view-details-button\" href=\"https:\/\/www.lachapelle.eu\/boutique\/accommodation\/location-dun-studio-meuble\/\" >Voir les d\u00e9tails<\/a>\n<\/p>\n<div class=\"mphb-to-book-btn-wrapper\">\n<form action=\"https:\/\/www.lachapelle.eu\/boutique\/accommodation\/location-dun-studio-meuble\/#booking-form-320\" method=\"get\" ><button type=\"submit\" class=\"button mphb-book-button\" >R\u00e9server<\/button><\/form>\n<br\/><\/div>\n\t\n<\/div>\n\n<div class=\"mphb-room-type post-318 mphb_room_type type-mphb_room_type status-publish has-post-thumbnail latest_post mphb-room-type-adults-2 mphb-room-type-children-0 \">\n\n\t\n\t\n\n\t<p class=\"post-thumbnail mphb-loop-room-thumbnail\">\n\t<a href=\"https:\/\/www.lachapelle.eu\/boutique\/accommodation\/chambre-double-avec-salle-de-bain\/\">\n\t<img loading=\"lazy\" decoding=\"async\" width=\"250\" height=\"366\" src=\"https:\/\/www.lachapelle.eu\/boutique\/wp-content\/uploads\/2022\/09\/chambre_1.png\" class=\"attachment-post-thumbnail size-post-thumbnail wp-post-image\" alt=\"\" srcset=\"https:\/\/www.lachapelle.eu\/boutique\/wp-content\/uploads\/2022\/09\/chambre_1.png 250w, https:\/\/www.lachapelle.eu\/boutique\/wp-content\/uploads\/2022\/09\/chambre_1-205x300.png 205w, https:\/\/www.lachapelle.eu\/boutique\/wp-content\/uploads\/2022\/09\/chambre_1-41x60.png 41w\" sizes=\"auto, (max-width: 250px) 100vw, 250px\" \/>\t<\/a>\n\n\t<\/p>\n\n<h2 class=\"mphb-room-type-title entry-title\">\n\n<a class=\"mphb-room-type-title\" href=\"https:\/\/www.lachapelle.eu\/boutique\/accommodation\/chambre-double-avec-salle-de-bain\/\">Chambre double avec salle de bain ! \u2600\ufe0f<\/a>\n\n<\/h2>\n\n<p>Chambre confortable situ\u00e9e chez l&rsquo;habitant, offrant une entr\u00e9e priv\u00e9e ind\u00e9pendante pour plus d&rsquo;intimit\u00e9 et de commodit\u00e9. Id\u00e9ale pour un s\u00e9jour calme et autonome. G\u00eete \u00e0 la ferme ! 2 voyageurs &hellip; <\/p>\n\n\n<h3 class=\"mphb-room-type-details-title\">D\u00e9tails<\/h3><ul class=\"mphb-loop-room-type-attributes\">\n\n\n\t<li class=\"mphb-room-type-adults-capacity\"><span class=\"mphb-attribute-title mphb-adults-title\">Adultes :<\/span><span class=\"mphb-attribute-value\">\n\t2\n\t<\/span><\/li>\n\t\n\n\n\n\n\n\n\t<li class=\"mphb-room-type-size\"><span class=\"mphb-attribute-title mphb-size-title\">Taille :<\/span><span class=\"mphb-attribute-value\">\n\t18m\u00b2\n\t<\/span><\/li>\n\t\n\n\t<li class=\"mphb-room-type-bed-type\"><span  class=\"mphb-attribute-title mphb-bed-type-title\">Type de lit :<\/span><span class=\"mphb-attribute-value\">\n\t2 personnes, les dimensions standard de 160 x 200 cm.\n\t<\/span><\/li>\n\t\n\n<\/ul>\n\n\t<p class=\"mphb-regular-price\"><strong>Prix \u00e0 partir de:<\/strong>\n\t<span class=\"mphb-price\"><span class=\"mphb-currency\">&euro;<\/span>38<\/span> <span class=\"mphb-price-period\" title=\"Choisissez les dates pour voir les prix pertinents\">par nuit<\/span>\n\t<\/p>\n\t\n<p class=\"mphb-view-details-button-wrapper\">\n<a class=\"button mphb-view-details-button\" href=\"https:\/\/www.lachapelle.eu\/boutique\/accommodation\/chambre-double-avec-salle-de-bain\/\" >Voir les d\u00e9tails<\/a>\n<\/p>\n<div class=\"mphb-to-book-btn-wrapper\">\n<form action=\"https:\/\/www.lachapelle.eu\/boutique\/accommodation\/chambre-double-avec-salle-de-bain\/#booking-form-318\" method=\"get\" ><button type=\"submit\" class=\"button mphb-book-button\" >R\u00e9server<\/button><\/form>\n<br\/><\/div>\n\t\n<\/div>\n\n<div class=\"mphb-room-type post-322 mphb_room_type type-mphb_room_type status-publish has-post-thumbnail latest_post mphb-room-type-adults-4 mphb-room-type-children-4 \">\n\n\t\n\t\n\n\t<p class=\"post-thumbnail mphb-loop-room-thumbnail\">\n\t<a href=\"https:\/\/www.lachapelle.eu\/boutique\/accommodation\/emplacements-pour-camping-cars\/\">\n\t<img loading=\"lazy\" decoding=\"async\" width=\"200\" height=\"200\" src=\"https:\/\/www.lachapelle.eu\/boutique\/wp-content\/uploads\/2022\/09\/image-car_1.png\" class=\"attachment-post-thumbnail size-post-thumbnail wp-post-image\" alt=\"\" srcset=\"https:\/\/www.lachapelle.eu\/boutique\/wp-content\/uploads\/2022\/09\/image-car_1.png 200w, https:\/\/www.lachapelle.eu\/boutique\/wp-content\/uploads\/2022\/09\/image-car_1-150x150.png 150w, https:\/\/www.lachapelle.eu\/boutique\/wp-content\/uploads\/2022\/09\/image-car_1-60x60.png 60w\" sizes=\"auto, (max-width: 200px) 100vw, 200px\" \/>\t<\/a>\n\n\t<\/p>\n\n<h2 class=\"mphb-room-type-title entry-title\">\n\n<a class=\"mphb-room-type-title\" href=\"https:\/\/www.lachapelle.eu\/boutique\/accommodation\/emplacements-pour-camping-cars\/\">Emplacements pour camping-cars ! \u2600\ufe0f<\/a>\n\n<\/h2>\n\n<p>Nous proposons 3 emplacements pour les Camping-cars relies \u00e0 l\u2019eau, \u00e0 l\u2019\u00e9lectricit\u00e9 et au wifi, ainsi que l\u2019utilisation d\u2019un point lavabo + WC + machine \u00e0 laver. Cadre verdoyant, et &hellip; <\/p>\n\n\n<h3 class=\"mphb-room-type-details-title\">D\u00e9tails<\/h3><ul class=\"mphb-loop-room-type-attributes\">\n\t<li class=\"mphb-room-type-total-capacity\"><span class=\"mphb-attribute-title mphb-total-capacity-title\">Invit\u00e9s:<\/span><span class=\"mphb-attribute-value\">\n\t6\n\t<\/span><\/li>\t\n\n\n\n\n\n\n\n\t<li class=\"mphb-room-type-size\"><span class=\"mphb-attribute-title mphb-size-title\">Taille :<\/span><span class=\"mphb-attribute-value\">\n\t50m\u00b2\n\t<\/span><\/li>\n\t\n\n\n\n<\/ul>\n\n\t<p class=\"mphb-regular-price\"><strong>Prix \u00e0 partir de:<\/strong>\n\t<span class=\"mphb-price\"><span class=\"mphb-currency\">&euro;<\/span>10<\/span> <span class=\"mphb-price-period\" title=\"Choisissez les dates pour voir les prix pertinents\">par nuit<\/span>\n\t<\/p>\n\t\n<p class=\"mphb-view-details-button-wrapper\">\n<a class=\"button mphb-view-details-button\" href=\"https:\/\/www.lachapelle.eu\/boutique\/accommodation\/emplacements-pour-camping-cars\/\" >Voir les d\u00e9tails<\/a>\n<\/p>\n<div class=\"mphb-to-book-btn-wrapper\">\n<form action=\"https:\/\/www.lachapelle.eu\/boutique\/accommodation\/emplacements-pour-camping-cars\/#booking-form-322\" method=\"get\" ><button type=\"submit\" class=\"button mphb-book-button\" >R\u00e9server<\/button><\/form>\n<br\/><\/div>\n\t\n<\/div>\n<\/div>\n\n\n<figure class=\"wp-block-gallery has-nested-images columns-4 is-cropped wp-block-gallery-1 is-layout-flex wp-block-gallery-is-layout-flex\">\n<figure class=\"wp-block-image size-large\"><img loading=\"lazy\" decoding=\"async\" width=\"472\" height=\"1024\" data-id=\"263\" src=\"https:\/\/www.lachapelle.eu\/boutique\/wp-content\/uploads\/2023\/08\/IMG_20211206_190540-1-472x1024.jpg\" alt=\"\" class=\"wp-image-263\" srcset=\"https:\/\/www.lachapelle.eu\/boutique\/wp-content\/uploads\/2023\/08\/IMG_20211206_190540-1-472x1024.jpg 472w, https:\/\/www.lachapelle.eu\/boutique\/wp-content\/uploads\/2023\/08\/IMG_20211206_190540-1-138x300.jpg 138w, https:\/\/www.lachapelle.eu\/boutique\/wp-content\/uploads\/2023\/08\/IMG_20211206_190540-1-768x1667.jpg 768w, https:\/\/www.lachapelle.eu\/boutique\/wp-content\/uploads\/2023\/08\/IMG_20211206_190540-1-708x1536.jpg 708w, https:\/\/www.lachapelle.eu\/boutique\/wp-content\/uploads\/2023\/08\/IMG_20211206_190540-1-944x2048.jpg 944w, https:\/\/www.lachapelle.eu\/boutique\/wp-content\/uploads\/2023\/08\/IMG_20211206_190540-1-28x60.jpg 28w, https:\/\/www.lachapelle.eu\/boutique\/wp-content\/uploads\/2023\/08\/IMG_20211206_190540-1-scaled.jpg 1180w\" sizes=\"auto, (max-width: 472px) 100vw, 472px\" \/><\/figure>\n\n\n\n<figure class=\"wp-block-image size-large\"><img loading=\"lazy\" decoding=\"async\" width=\"473\" height=\"1024\" data-id=\"262\" src=\"https:\/\/www.lachapelle.eu\/boutique\/wp-content\/uploads\/2023\/08\/IMG_20211206_190416-473x1024.jpg\" alt=\"\" class=\"wp-image-262\" srcset=\"https:\/\/www.lachapelle.eu\/boutique\/wp-content\/uploads\/2023\/08\/IMG_20211206_190416-473x1024.jpg 473w, https:\/\/www.lachapelle.eu\/boutique\/wp-content\/uploads\/2023\/08\/IMG_20211206_190416-139x300.jpg 139w, https:\/\/www.lachapelle.eu\/boutique\/wp-content\/uploads\/2023\/08\/IMG_20211206_190416-768x1663.jpg 768w, https:\/\/www.lachapelle.eu\/boutique\/wp-content\/uploads\/2023\/08\/IMG_20211206_190416-710x1536.jpg 710w, https:\/\/www.lachapelle.eu\/boutique\/wp-content\/uploads\/2023\/08\/IMG_20211206_190416-946x2048.jpg 946w, https:\/\/www.lachapelle.eu\/boutique\/wp-content\/uploads\/2023\/08\/IMG_20211206_190416-28x60.jpg 28w, https:\/\/www.lachapelle.eu\/boutique\/wp-content\/uploads\/2023\/08\/IMG_20211206_190416-scaled.jpg 1183w\" sizes=\"auto, (max-width: 473px) 100vw, 473px\" \/><\/figure>\n\n\n\n<figure class=\"wp-block-image size-large\"><img loading=\"lazy\" decoding=\"async\" width=\"473\" height=\"1024\" data-id=\"261\" src=\"https:\/\/www.lachapelle.eu\/boutique\/wp-content\/uploads\/2023\/08\/IMG_20211206_190405-473x1024.jpg\" alt=\"\" class=\"wp-image-261\" srcset=\"https:\/\/www.lachapelle.eu\/boutique\/wp-content\/uploads\/2023\/08\/IMG_20211206_190405-473x1024.jpg 473w, https:\/\/www.lachapelle.eu\/boutique\/wp-content\/uploads\/2023\/08\/IMG_20211206_190405-139x300.jpg 139w, https:\/\/www.lachapelle.eu\/boutique\/wp-content\/uploads\/2023\/08\/IMG_20211206_190405-768x1663.jpg 768w, https:\/\/www.lachapelle.eu\/boutique\/wp-content\/uploads\/2023\/08\/IMG_20211206_190405-710x1536.jpg 710w, https:\/\/www.lachapelle.eu\/boutique\/wp-content\/uploads\/2023\/08\/IMG_20211206_190405-946x2048.jpg 946w, https:\/\/www.lachapelle.eu\/boutique\/wp-content\/uploads\/2023\/08\/IMG_20211206_190405-28x60.jpg 28w, https:\/\/www.lachapelle.eu\/boutique\/wp-content\/uploads\/2023\/08\/IMG_20211206_190405-scaled.jpg 1183w\" sizes=\"auto, (max-width: 473px) 100vw, 473px\" \/><\/figure>\n\n\n\n<figure class=\"wp-block-image size-large\"><img loading=\"lazy\" decoding=\"async\" width=\"473\" height=\"1024\" data-id=\"260\" src=\"https:\/\/www.lachapelle.eu\/boutique\/wp-content\/uploads\/2023\/08\/IMG_20211206_190341-473x1024.jpg\" alt=\"\" class=\"wp-image-260\" srcset=\"https:\/\/www.lachapelle.eu\/boutique\/wp-content\/uploads\/2023\/08\/IMG_20211206_190341-473x1024.jpg 473w, https:\/\/www.lachapelle.eu\/boutique\/wp-content\/uploads\/2023\/08\/IMG_20211206_190341-139x300.jpg 139w, https:\/\/www.lachapelle.eu\/boutique\/wp-content\/uploads\/2023\/08\/IMG_20211206_190341-768x1663.jpg 768w, https:\/\/www.lachapelle.eu\/boutique\/wp-content\/uploads\/2023\/08\/IMG_20211206_190341-710x1536.jpg 710w, https:\/\/www.lachapelle.eu\/boutique\/wp-content\/uploads\/2023\/08\/IMG_20211206_190341-946x2048.jpg 946w, https:\/\/www.lachapelle.eu\/boutique\/wp-content\/uploads\/2023\/08\/IMG_20211206_190341-28x60.jpg 28w, https:\/\/www.lachapelle.eu\/boutique\/wp-content\/uploads\/2023\/08\/IMG_20211206_190341-scaled.jpg 1183w\" sizes=\"auto, (max-width: 473px) 100vw, 473px\" \/><\/figure>\n<\/figure>\n","protected":false},"excerpt":{"rendered":"","protected":false},"author":1,"featured_media":0,"parent":0,"menu_order":0,"comment_status":"closed","ping_status":"closed","template":"","meta":{"content-type":"","footnotes":""},"class_list":["post-279","page","type-page","status-publish","hentry","latest_post"],"jetpack_sharing_enabled":true,"_links":{"self":[{"href":"https:\/\/www.lachapelle.eu\/boutique\/wp-json\/wp\/v2\/pages\/279","targetHints":{"allow":["GET"]}}],"collection":[{"href":"https:\/\/www.lachapelle.eu\/boutique\/wp-json\/wp\/v2\/pages"}],"about":[{"href":"https:\/\/www.lachapelle.eu\/boutique\/wp-json\/wp\/v2\/types\/page"}],"author":[{"embeddable":true,"href":"https:\/\/www.lachapelle.eu\/boutique\/wp-json\/wp\/v2\/users\/1"}],"replies":[{"embeddable":true,"href":"https:\/\/www.lachapelle.eu\/boutique\/wp-json\/wp\/v2\/comments?post=279"}],"version-history":[{"count":3,"href":"https:\/\/www.lachapelle.eu\/boutique\/wp-json\/wp\/v2\/pages\/279\/revisions"}],"predecessor-version":[{"id":832,"href":"https:\/\/www.lachapelle.eu\/boutique\/wp-json\/wp\/v2\/pages\/279\/revisions\/832"}],"wp:attachment":[{"href":"https:\/\/www.lachapelle.eu\/boutique\/wp-json\/wp\/v2\/media?parent=279"}],"curies":[{"name":"wp","href":"https:\/\/api.w.org\/{rel}","templated":true}]}}